{"id":3849,"date":"2020-03-25T15:34:02","date_gmt":"2020-03-25T15:34:02","guid":{"rendered":"https:\/\/van-beek.nl\/celsius-schneckenwaermetauscher\/trocknen\/"},"modified":"2021-06-08T13:43:10","modified_gmt":"2021-06-08T13:43:10","slug":"trocknen","status":"publish","type":"page","link":"https:\/\/www.van-beek.nl\/de\/celsius-schneckenwaermetauscher\/trocknen\/","title":{"rendered":"Trocknen"},"content":{"rendered":"<p><strong>Viele Herstellungsbetriebe setzen Luft zum direkten Trocknen ein, was ein sehr energieverschwendender Prozess ist. Mit dem indirekten Trocknungsverfahren von Celsius k\u00f6nnen Sie energie- und kostensparend arbeiten.<\/strong><\/p>\n<h2>Wann kann die indirekte Trocknung eingesetzt werden?<\/h2>\n<p>Die indirekte Trocknung eignet sich ausgezeichnet zum Nachtrocknen diverser Pulver, K\u00f6rner und Granulate. Au\u00dferdem kann sie eingesetzt werden, wenn eine l\u00e4ngere Verweildauer f\u00fcr die vollst\u00e4ndige Trocknung erforderlich ist. Ob die indirekte Trocknung in Ihrem Produktionsverfahren eingesetzt werden kann, h\u00e4ngt vom Feuchtigkeitsgehalt im Produkt, dem Produktstrom und der Feststoffmenge ab.<\/p>\n<h2>Wie funktioniert die indirekte Trocknung?<\/h2>\n<p>Durch die Schneckenwendel und das Geh\u00e4use unseres Schneckenw\u00e4rmetauschers flie\u00dfen warmes Wasser oder thermisches \u00d6l. Das bef\u00f6rderte Material wird durch den Kontakt mit der Schneckenwendel und dem Geh\u00e4use des Schneckenw\u00e4rmetauschers getrocknet. Zum Trocknen von Eierschalen haben wir eine spezielle Maschine entwickelt, den <a href=\"\/de\/celsius-schneckenwaermetauscher\/trocknen\/eierschalentrockner\/\">Eierschalentrockner<\/a>. Dieser Schneckenw\u00e4rmetauscher wurde speziell zum Trocknen gebrochener Eierschalen in einem kontinuierlichen Prozess entwickelt. Das Endprodukt ist keimfreier, feink\u00f6rniger und hochwertiger Kalk mit einem Feuchtigkeitsgehalt von h\u00f6chstens 1 %.<\/p>\n<h2>Sicherheit wird bei uns gro\u00dfgeschrieben<\/h2>\n<p>Die Sicherheit von Rohrleitungen ist sehr wichtig, wenn hei\u00dfe Fl\u00fcssigkeiten durch sie str\u00f6men. Nat\u00fcrlich ber\u00fccksichtigen wir dies und k\u00f6nnen die Sicherheit unserer Anlagen gew\u00e4hrleisten.<\/p>\n<h3>M\u00f6chten Sie mehr \u00fcber die Trocknung von Stoffen mit einem Celsius Schneckenw\u00e4rmetauscher erfahren? Bitte <a href=\"\/de\/celsius-schneckenwaermetauscher\/kontakt-celsius\/\">wenden Sie sich dann an uns<\/a>.<\/h3>\n","protected":false},"excerpt":{"rendered":"<p>Viele Herstellungsbetriebe setzen Luft zum direkten Trocknen ein, was ein sehr energieverschwendender Prozess ist. Mit dem indirekten Trocknungsverfahren von Celsius k\u00f6nnen Sie energie- und kostensparend arbeiten. Wann kann die indirekte Trocknung eingesetzt werden? Die indirekte Trocknung eignet sich ausgezeichnet zum Nachtrocknen diverser Pulver, K\u00f6rner und Granulate. Au\u00dferdem kann sie eingesetzt werden, wenn eine l\u00e4ngere Verweildauer [&hellip;]<\/p>\n","protected":false},"author":1,"featured_media":0,"parent":3804,"menu_order":2,"comment_status":"closed","ping_status":"closed","template":"","meta":{"_acf_changed":false,"content-type":"","inline_featured_image":false,"footnotes":""},"class_list":["post-3849","page","type-page","status-publish","hentry"],"acf":[],"yoast_head":"<!-- This site is optimized with the Yoast SEO plugin v27.5 - https:\/\/yoast.com\/product\/yoast-seo-wordpress\/ -->\n<title>Indirekte Trocknung mit Celsius | Van Beek<\/title>\n<meta name=\"description\" content=\"Mit unseren Celsius Schneckenw\u00e4rmetauschern k\u00f6nnen Sie Produkte w\u00e4hrend des innerbetrieblichen Transports trocknen und auf diese Weise Kosten sparen!\" \/>\n<meta name=\"robots\" content=\"index, follow, max-snippet:-1, max-image-preview:large, max-video-preview:-1\" \/>\n<link rel=\"canonical\" href=\"https:\/\/www.van-beek.nl\/de\/celsius-schneckenwaermetauscher\/trocknen\/\" \/>\n<meta property=\"og:locale\" content=\"de_DE\" \/>\n<meta property=\"og:type\" content=\"article\" \/>\n<meta property=\"og:title\" content=\"Indirekte Trocknung mit Celsius | Van Beek\" \/>\n<meta property=\"og:description\" content=\"Mit unseren Celsius Schneckenw\u00e4rmetauschern k\u00f6nnen Sie Produkte w\u00e4hrend des innerbetrieblichen Transports trocknen und auf diese Weise Kosten sparen!\" \/>\n<meta property=\"og:url\" content=\"https:\/\/www.van-beek.nl\/de\/celsius-schneckenwaermetauscher\/trocknen\/\" \/>\n<meta property=\"og:site_name\" content=\"Van Beek Schroeftransport\" \/>\n<meta property=\"article:modified_time\" content=\"2021-06-08T13:43:10+00:00\" \/>\n<meta name=\"twitter:card\" content=\"summary_large_image\" \/>\n<meta name=\"twitter:label1\" content=\"Gesch\u00e4tzte Lesezeit\" \/>\n\t<meta name=\"twitter:data1\" content=\"1\u00a0Minute\" \/>\n<script type=\"application\/ld+json\" class=\"yoast-schema-graph\">{\"@context\":\"https:\\\/\\\/schema.org\",\"@graph\":[{\"@type\":\"WebPage\",\"@id\":\"https:\\\/\\\/www.van-beek.nl\\\/de\\\/celsius-schneckenwaermetauscher\\\/trocknen\\\/\",\"url\":\"https:\\\/\\\/www.van-beek.nl\\\/de\\\/celsius-schneckenwaermetauscher\\\/trocknen\\\/\",\"name\":\"Indirekte Trocknung mit Celsius | Van Beek\",\"isPartOf\":{\"@id\":\"https:\\\/\\\/www.van-beek.nl\\\/de\\\/#website\"},\"datePublished\":\"2020-03-25T15:34:02+00:00\",\"dateModified\":\"2021-06-08T13:43:10+00:00\",\"description\":\"Mit unseren Celsius Schneckenw\u00e4rmetauschern k\u00f6nnen Sie Produkte w\u00e4hrend des innerbetrieblichen Transports trocknen und auf diese Weise Kosten sparen!\",\"breadcrumb\":{\"@id\":\"https:\\\/\\\/www.van-beek.nl\\\/de\\\/celsius-schneckenwaermetauscher\\\/trocknen\\\/#breadcrumb\"},\"inLanguage\":\"de\",\"potentialAction\":[{\"@type\":\"ReadAction\",\"target\":[\"https:\\\/\\\/www.van-beek.nl\\\/de\\\/celsius-schneckenwaermetauscher\\\/trocknen\\\/\"]}]},{\"@type\":\"BreadcrumbList\",\"@id\":\"https:\\\/\\\/www.van-beek.nl\\\/de\\\/celsius-schneckenwaermetauscher\\\/trocknen\\\/#breadcrumb\",\"itemListElement\":[{\"@type\":\"ListItem\",\"position\":1,\"name\":\"Home\",\"item\":\"https:\\\/\\\/www.van-beek.nl\\\/de\\\/\"},{\"@type\":\"ListItem\",\"position\":2,\"name\":\"Celsius Schneckenw\u00e4rmetauscher\",\"item\":\"https:\\\/\\\/www.van-beek.nl\\\/de\\\/celsius-schneckenwaermetauscher\\\/\"},{\"@type\":\"ListItem\",\"position\":3,\"name\":\"Trocknen\"}]},{\"@type\":\"WebSite\",\"@id\":\"https:\\\/\\\/www.van-beek.nl\\\/de\\\/#website\",\"url\":\"https:\\\/\\\/www.van-beek.nl\\\/de\\\/\",\"name\":\"Van Beek Schroeftransport\",\"description\":\"\",\"publisher\":{\"@id\":\"https:\\\/\\\/www.van-beek.nl\\\/de\\\/#organization\"},\"potentialAction\":[{\"@type\":\"SearchAction\",\"target\":{\"@type\":\"EntryPoint\",\"urlTemplate\":\"https:\\\/\\\/www.van-beek.nl\\\/de\\\/?s={search_term_string}\"},\"query-input\":{\"@type\":\"PropertyValueSpecification\",\"valueRequired\":true,\"valueName\":\"search_term_string\"}}],\"inLanguage\":\"de\"},{\"@type\":\"Organization\",\"@id\":\"https:\\\/\\\/www.van-beek.nl\\\/de\\\/#organization\",\"name\":\"Transportschroeven- en machinefabriek Van Beek B.V.\",\"url\":\"https:\\\/\\\/www.van-beek.nl\\\/de\\\/\",\"logo\":{\"@type\":\"ImageObject\",\"inLanguage\":\"de\",\"@id\":\"https:\\\/\\\/www.van-beek.nl\\\/de\\\/#\\\/schema\\\/logo\\\/image\\\/\",\"url\":\"https:\\\/\\\/van-beek.nl\\\/wp-content\\\/uploads\\\/2020\\\/04\\\/VanBeek-logo.png\",\"contentUrl\":\"https:\\\/\\\/van-beek.nl\\\/wp-content\\\/uploads\\\/2020\\\/04\\\/VanBeek-logo.png\",\"width\":116,\"height\":22,\"caption\":\"Transportschroeven- en machinefabriek Van Beek B.V.\"},\"image\":{\"@id\":\"https:\\\/\\\/www.van-beek.nl\\\/de\\\/#\\\/schema\\\/logo\\\/image\\\/\"}}]}<\/script>\n<!-- \/ Yoast SEO plugin. -->","yoast_head_json":{"title":"Indirekte Trocknung mit Celsius | Van Beek","description":"Mit unseren Celsius Schneckenw\u00e4rmetauschern k\u00f6nnen Sie Produkte w\u00e4hrend des innerbetrieblichen Transports trocknen und auf diese Weise Kosten sparen!","robots":{"index":"index","follow":"follow","max-snippet":"max-snippet:-1","max-image-preview":"max-image-preview:large","max-video-preview":"max-video-preview:-1"},"canonical":"https:\/\/www.van-beek.nl\/de\/celsius-schneckenwaermetauscher\/trocknen\/","og_locale":"de_DE","og_type":"article","og_title":"Indirekte Trocknung mit Celsius | Van Beek","og_description":"Mit unseren Celsius Schneckenw\u00e4rmetauschern k\u00f6nnen Sie Produkte w\u00e4hrend des innerbetrieblichen Transports trocknen und auf diese Weise Kosten sparen!","og_url":"https:\/\/www.van-beek.nl\/de\/celsius-schneckenwaermetauscher\/trocknen\/","og_site_name":"Van Beek Schroeftransport","article_modified_time":"2021-06-08T13:43:10+00:00","twitter_card":"summary_large_image","twitter_misc":{"Gesch\u00e4tzte Lesezeit":"1\u00a0Minute"},"schema":{"@context":"https:\/\/schema.org","@graph":[{"@type":"WebPage","@id":"https:\/\/www.van-beek.nl\/de\/celsius-schneckenwaermetauscher\/trocknen\/","url":"https:\/\/www.van-beek.nl\/de\/celsius-schneckenwaermetauscher\/trocknen\/","name":"Indirekte Trocknung mit Celsius | Van Beek","isPartOf":{"@id":"https:\/\/www.van-beek.nl\/de\/#website"},"datePublished":"2020-03-25T15:34:02+00:00","dateModified":"2021-06-08T13:43:10+00:00","description":"Mit unseren Celsius Schneckenw\u00e4rmetauschern k\u00f6nnen Sie Produkte w\u00e4hrend des innerbetrieblichen Transports trocknen und auf diese Weise Kosten sparen!","breadcrumb":{"@id":"https:\/\/www.van-beek.nl\/de\/celsius-schneckenwaermetauscher\/trocknen\/#breadcrumb"},"inLanguage":"de","potentialAction":[{"@type":"ReadAction","target":["https:\/\/www.van-beek.nl\/de\/celsius-schneckenwaermetauscher\/trocknen\/"]}]},{"@type":"BreadcrumbList","@id":"https:\/\/www.van-beek.nl\/de\/celsius-schneckenwaermetauscher\/trocknen\/#breadcrumb","itemListElement":[{"@type":"ListItem","position":1,"name":"Home","item":"https:\/\/www.van-beek.nl\/de\/"},{"@type":"ListItem","position":2,"name":"Celsius Schneckenw\u00e4rmetauscher","item":"https:\/\/www.van-beek.nl\/de\/celsius-schneckenwaermetauscher\/"},{"@type":"ListItem","position":3,"name":"Trocknen"}]},{"@type":"WebSite","@id":"https:\/\/www.van-beek.nl\/de\/#website","url":"https:\/\/www.van-beek.nl\/de\/","name":"Van Beek Schroeftransport","description":"","publisher":{"@id":"https:\/\/www.van-beek.nl\/de\/#organization"},"potentialAction":[{"@type":"SearchAction","target":{"@type":"EntryPoint","urlTemplate":"https:\/\/www.van-beek.nl\/de\/?s={search_term_string}"},"query-input":{"@type":"PropertyValueSpecification","valueRequired":true,"valueName":"search_term_string"}}],"inLanguage":"de"},{"@type":"Organization","@id":"https:\/\/www.van-beek.nl\/de\/#organization","name":"Transportschroeven- en machinefabriek Van Beek B.V.","url":"https:\/\/www.van-beek.nl\/de\/","logo":{"@type":"ImageObject","inLanguage":"de","@id":"https:\/\/www.van-beek.nl\/de\/#\/schema\/logo\/image\/","url":"https:\/\/van-beek.nl\/wp-content\/uploads\/2020\/04\/VanBeek-logo.png","contentUrl":"https:\/\/van-beek.nl\/wp-content\/uploads\/2020\/04\/VanBeek-logo.png","width":116,"height":22,"caption":"Transportschroeven- en machinefabriek Van Beek B.V."},"image":{"@id":"https:\/\/www.van-beek.nl\/de\/#\/schema\/logo\/image\/"}}]}},"_links":{"self":[{"href":"https:\/\/www.van-beek.nl\/de\/wp-json\/wp\/v2\/pages\/3849","targetHints":{"allow":["GET"]}}],"collection":[{"href":"https:\/\/www.van-beek.nl\/de\/wp-json\/wp\/v2\/pages"}],"about":[{"href":"https:\/\/www.van-beek.nl\/de\/wp-json\/wp\/v2\/types\/page"}],"author":[{"embeddable":true,"href":"https:\/\/www.van-beek.nl\/de\/wp-json\/wp\/v2\/users\/1"}],"replies":[{"embeddable":true,"href":"https:\/\/www.van-beek.nl\/de\/wp-json\/wp\/v2\/comments?post=3849"}],"version-history":[{"count":4,"href":"https:\/\/www.van-beek.nl\/de\/wp-json\/wp\/v2\/pages\/3849\/revisions"}],"predecessor-version":[{"id":8012,"href":"https:\/\/www.van-beek.nl\/de\/wp-json\/wp\/v2\/pages\/3849\/revisions\/8012"}],"up":[{"embeddable":true,"href":"https:\/\/www.van-beek.nl\/de\/wp-json\/wp\/v2\/pages\/3804"}],"wp:attachment":[{"href":"https:\/\/www.van-beek.nl\/de\/wp-json\/wp\/v2\/media?parent=3849"}],"curies":[{"name":"wp","href":"https:\/\/api.w.org\/{rel}","templated":true}]}}

<p><strong>Viele Herstellungsbetriebe setzen Luft zum direkten Trocknen ein, was ein sehr energieverschwendender Prozess ist. Mit dem indirekten Trocknungsverfahren von Celsius können Sie energie- und kostensparend arbeiten.</strong></p>
<h2>Wann kann die indirekte Trocknung eingesetzt werden?</h2>
<p>Die indirekte Trocknung eignet sich ausgezeichnet zum Nachtrocknen diverser Pulver, Körner und Granulate. Außerdem kann sie eingesetzt werden, wenn eine längere Verweildauer für die vollständige Trocknung erforderlich ist. Ob die indirekte Trocknung in Ihrem Produktionsverfahren eingesetzt werden kann, hängt vom Feuchtigkeitsgehalt im Produkt, dem Produktstrom und der Feststoffmenge ab.</p>
<h2>Wie funktioniert die indirekte Trocknung?</h2>
<p>Durch die Schneckenwendel und das Gehäuse unseres Schneckenwärmetauschers fließen warmes Wasser oder thermisches Öl. Das beförderte Material wird durch den Kontakt mit der Schneckenwendel und dem Gehäuse des Schneckenwärmetauschers getrocknet. Zum Trocknen von Eierschalen haben wir eine spezielle Maschine entwickelt, den <a href="/de/celsius-schneckenwaermetauscher/trocknen/eierschalentrockner/">Eierschalentrockner</a>. Dieser Schneckenwärmetauscher wurde speziell zum Trocknen gebrochener Eierschalen in einem kontinuierlichen Prozess entwickelt. Das Endprodukt ist keimfreier, feinkörniger und hochwertiger Kalk mit einem Feuchtigkeitsgehalt von höchstens 1 %.</p>
<h2>Sicherheit wird bei uns großgeschrieben</h2>
<p>Die Sicherheit von Rohrleitungen ist sehr wichtig, wenn heiße Flüssigkeiten durch sie strömen. Natürlich berücksichtigen wir dies und können die Sicherheit unserer Anlagen gewährleisten.</p>
<h3>Möchten Sie mehr über die Trocknung von Stoffen mit einem Celsius Schneckenwärmetauscher erfahren? Bitte <a href="/de/celsius-schneckenwaermetauscher/kontakt-celsius/">wenden Sie sich dann an uns</a>.</h3>

<p>Viele Herstellungsbetriebe setzen Luft zum direkten Trocknen ein, was ein sehr energieverschwendender Prozess ist. Mit dem indirekten Trocknungsverfahren von Celsius können Sie energie- und kostensparend arbeiten. Wann kann die indirekte Trocknung eingesetzt werden? Die indirekte Trocknung eignet sich ausgezeichnet zum Nachtrocknen diverser Pulver, Körner und Granulate. Außerdem kann sie eingesetzt werden, wenn eine längere Verweildauer [&hellip;]</p>

<!-- This site is optimized with the Yoast SEO plugin v27.5 - https://yoast.com/product/yoast-seo-wordpress/ -->
<title>Indirekte Trocknung mit Celsius | Van Beek</title>
<meta name="description" content="Mit unseren Celsius Schneckenwärmetauschern können Sie Produkte während des innerbetrieblichen Transports trocknen und auf diese Weise Kosten sparen!" />
<meta name="robots" content="index, follow, max-snippet:-1, max-image-preview:large, max-video-preview:-1" />
<link rel="canonical" href="https://www.van-beek.nl/de/celsius-schneckenwaermetauscher/trocknen/" />
<meta property="og:locale" content="de_DE" />
<meta property="og:type" content="article" />
<meta property="og:title" content="Indirekte Trocknung mit Celsius | Van Beek" />
<meta property="og:description" content="Mit unseren Celsius Schneckenwärmetauschern können Sie Produkte während des innerbetrieblichen Transports trocknen und auf diese Weise Kosten sparen!" />
<meta property="og:url" content="https://www.van-beek.nl/de/celsius-schneckenwaermetauscher/trocknen/" />
<meta property="og:site_name" content="Van Beek Schroeftransport" />
<meta property="article:modified_time" content="2021-06-08T13:43:10+00:00" />
<meta name="twitter:card" content="summary_large_image" />
<meta name="twitter:label1" content="Geschätzte Lesezeit" />
	<meta name="twitter:data1" content="1 Minute" />
<script type="application/ld+json" class="yoast-schema-graph">{"@context":"https:\/\/schema.org","@graph":[{"@type":"WebPage","@id":"https:\/\/www.van-beek.nl\/de\/celsius-schneckenwaermetauscher\/trocknen\/","url":"https:\/\/www.van-beek.nl\/de\/celsius-schneckenwaermetauscher\/trocknen\/","name":"Indirekte Trocknung mit Celsius | Van Beek","isPartOf":{"@id":"https:\/\/www.van-beek.nl\/de\/#website"},"datePublished":"2020-03-25T15:34:02+00:00","dateModified":"2021-06-08T13:43:10+00:00","description":"Mit unseren Celsius Schneckenwärmetauschern können Sie Produkte während des innerbetrieblichen Transports trocknen und auf diese Weise Kosten sparen!","breadcrumb":{"@id":"https:\/\/www.van-beek.nl\/de\/celsius-schneckenwaermetauscher\/trocknen\/#breadcrumb"},"inLanguage":"de","potentialAction":[{"@type":"ReadAction","target":["https:\/\/www.van-beek.nl\/de\/celsius-schneckenwaermetauscher\/trocknen\/"]}]},{"@type":"BreadcrumbList","@id":"https:\/\/www.van-beek.nl\/de\/celsius-schneckenwaermetauscher\/trocknen\/#breadcrumb","itemListElement":[{"@type":"ListItem","position":1,"name":"Home","item":"https:\/\/www.van-beek.nl\/de\/"},{"@type":"ListItem","position":2,"name":"Celsius Schneckenwärmetauscher","item":"https:\/\/www.van-beek.nl\/de\/celsius-schneckenwaermetauscher\/"},{"@type":"ListItem","position":3,"name":"Trocknen"}]},{"@type":"WebSite","@id":"https:\/\/www.van-beek.nl\/de\/#website","url":"https:\/\/www.van-beek.nl\/de\/","name":"Van Beek Schroeftransport","description":"","publisher":{"@id":"https:\/\/www.van-beek.nl\/de\/#organization"},"potentialAction":[{"@type":"SearchAction","target":{"@type":"EntryPoint","urlTemplate":"https:\/\/www.van-beek.nl\/de\/?s={search_term_string}"},"query-input":{"@type":"PropertyValueSpecification","valueRequired":true,"valueName":"search_term_string"}}],"inLanguage":"de"},{"@type":"Organization","@id":"https:\/\/www.van-beek.nl\/de\/#organization","name":"Transportschroeven- en machinefabriek Van Beek B.V.","url":"https:\/\/www.van-beek.nl\/de\/","logo":{"@type":"ImageObject","inLanguage":"de","@id":"https:\/\/www.van-beek.nl\/de\/#\/schema\/logo\/image\/","url":"https:\/\/van-beek.nl\/wp-content\/uploads\/2020\/04\/VanBeek-logo.png","contentUrl":"https:\/\/van-beek.nl\/wp-content\/uploads\/2020\/04\/VanBeek-logo.png","width":116,"height":22,"caption":"Transportschroeven- en machinefabriek Van Beek B.V."},"image":{"@id":"https:\/\/www.van-beek.nl\/de\/#\/schema\/logo\/image\/"}}]}</script>
<!-- / Yoast SEO plugin. -->

Mit unseren Celsius Schneckenwärmetauschern können Sie Produkte während des innerbetrieblichen Transports trocknen und auf diese Weise Kosten sparen!

Celsius Schneckenwärmetauscher
